 2448?
False
Is 1876 a multiple of 25?
False
Does 76 divide 22648?
True
Is 117 a factor of 19656?
True
Is 28400 a multiple of 10?
True
Is 5867 a multiple of 70?
False
Is 5 a factor of 476?
False
Does 16 divide 272?
True
Is 61 a factor of 17022?
False
Does 58 divide 2783?
False
Is 1064 a multiple of 38?
True
Is 442 a multiple of 17?
True
Is 3 a factor of 78?
True
Is 23 a factor of 25829?
True
Does 6 divide 1072?
False
Is 120 a multiple of 2?
True
Is 31 a factor of 4712?
True
Does 102 divide 29896?
False
Does 139 divide 45591?
False
Is 133 a factor of 25536?
True
Is 3 a factor of 134?
False
Is 10 a factor of 1410?
True
Is 10 a factor of 2218?
False
Does 21 divide 534?
False
Does 38 divide 18582?
True
Is 222 a multiple of 6?
True
Is 8847 a multiple of 141?
False
Is 555 a multiple of 15?
True
Does 9 divide 108?
True
Does 73 divide 146?
True
Is 48 a factor of 12472?
False
Is 34 a factor of 27506?
True
Is 992 a multiple of 7?
False
Is 1254 a multiple of 57?
True
Is 61 a factor of 3275?
False
Is 264 a multiple of 6?
True
Does 2 divide 2471?
False
Does 12 divide 3036?
True
Is 34 a factor of 312?
False
Does 47 divide 6313?
False
Is 16 a factor of 14736?
True
Does 66 divide 330?
True
Is 28 a factor of 2100?
True
Does 212 divide 70803?
False
Is 14 a factor of 12418?
True
Is 27378 a multiple of 39?
True
Is 53 a factor of 1626?
False
Is 789 a multiple of 33?
False
Does 45 divide 14470?
False
Is 1305 even?
False
Does 33 divide 4521?
True
Is 1371 a multiple of 58?
False
Is 16294 a multiple of 28?
False
Is 22474 a multiple of 167?
False
Does 21 divide 113379?
True
Does 38 divide 1634?
True
Does 11 divide 805?
False
Is 86 a factor of 3824?
False
Is 3248 a multiple of 16?
True
Is 86 a factor of 4386?
True
Is 36 a factor of 2582?
False
Is 5740 a multiple of 70?
True
Is 23 a factor of 7406?
True
Is 14 a factor of 6033?
False
Is 3374 a multiple of 57?
False
Is 1026 a multiple of 38?
True
Is 587 a multiple of 14?
False
Does 77 divide 45379?
False
Is 71 a factor of 1207?
True
Is 27 a factor of 61344?
True
Is 3300 a multiple of 165?
True
Is 26 a factor of 41132?
True
Does 25 divide 270?
False
Is 669 a multiple of 29?
False
Is 5058 a multiple of 9?
True
Is 911 a multiple of 21?
False
Is 83 a factor of 3403?
True
Is 3900 a multiple of 25?
True
Is 756 a multiple of 84?
True
Is 25 a factor of 3075?
True
Is 20 a factor of 10008?
False
Does 9 divide 4329?
True
Is 15 a factor of 358?
False
Is 520 a multiple of 10?
True
Is 37 a factor of 10036?
False
Does 76 divide 860?
False
Does 97 divide 485?
True
Does 11 divide 13057?
True
Is 2247 a multiple of 43?
False
Is 6705 a multiple of 15?
True
Is 4 a factor of 275?
False
Does 153 divide 9601?
False
Is 120 a multiple of 8?
True
Does 4 divide 8140?
True
Does 7 divide 178?
False
Is 34 a factor of 816?
True
Does 58 divide 60807?
False
Is 20700 a multiple of 18?
True
Is 31323 a multiple of 53?
True
Is 49 a factor of 908?
False
Does 40 divide 2560?
True
Is 85 a factor of 324?
False
Is 96 a multiple of 8?
True
Does 103 divide 260?
False
Does 107 divide 1926?
True
Is 8 a factor of 616?
True
Is 23940 a multiple of 22?
False
Is 12 a factor of 96?
True
Is 891 a multiple of 11?
True
Is 179 a factor of 39559?
True
Is 10 a factor of 170?
True
Does 8 divide 10592?
True
Is 9744 a multiple of 3?
True
Is 212 a multiple of 2?
True
Is 7857 a multiple of 27?
True
Is 7 a factor of 6475?
True
Is 123 a multiple of 7?
False
Is 513 a multiple of 27?
True
Does 37 divide 4218?
True
Is 49525 a multiple of 25?
True
Is 8 a factor of 28648?
True
Is 16000 a multiple of 20?
True
Does 7 divide 30070?
False
Does 59 divide 2596?
True
Is 19 a factor of 19?
True
Is 75 a factor of 1701?
False
Is 704 a multiple of 16?
True
Does 19 divide 160?
False
Is 2200 a multiple of 55?
True
Is 355 a multiple of 71?
True
Does 21 divide 4961?
False
Does 7 divide 602?
True
Is 14 a factor of 2499?
False
Is 37 a factor of 1199?
False
Does 17 divide 171649?
True
Does 189 divide 8909?
False
Is 1146 a multiple of 5?
False
Does 98 divide 1934?
False
Is 2240 a multiple of 70?
True
Is 5 a factor of 11904?
False
Is 7168 a multiple of 32?
True
Does 16 divide 2736?
True
Is 23 a factor of 1449?
True
Does 66 divide 4026?
True
Does 71 divide 5822?
True
Is 130 a factor of 3656?
False
Is 372 a multiple of 31?
True
Is 2761 a multiple of 19?
False
Is 25 a factor of 2625?
True
Is 6943 a multiple of 130?
False
Does 234 divide 16899?
False
Is 63 a factor of 6615?
True
Is 6 a factor of 1326?
True
Is 1147 a multiple of 6?
False
Is 13 a factor of 5122?
True
Is 12 a factor of 58788?
True
Does 29 divide 17864?
True
Is 25 a factor of 55075?
True
Is 17 a factor of 111042?
False
Does 4 divide 496?
True
Is 35100 a multiple of 26?
True
Does 33 divide 9240?
True
Is 15 a factor of 2520?
True
Does 16 divide 14976?
True
Is 1770 a multiple of 10?
True
Is 99 a factor of 1473?
False
Does 63 divide 5224?
False
Does 34 divide 4182?
True
Is 2788 a multiple of 34?
True
Does 8 divide 6393?
False
Does 83 divide 45369?
False
Is 64 a factor of 896?
True
Does 11 divide 891?
True
Does 38 divide 124282?
False
Is 54 a factor of 9504?
True
Is 56 a factor of 448?
True
Is 2336 a multiple of 32?
True
Does 45 divide 540?
True
Does 3 divide 303?
True
Is 671 a multiple of 26?
False
Is 2788 a multiple of 68?
True
Is 48 a factor of 2256?
True
Is 114 a factor of 2394?
True
Is 24 a factor of 15937?
False
Is 21812 a multiple of 19?
True
Is 22310 a multiple of 38?
False
Is 457 a multiple of 37?
False
Is 3 a factor of 3825?
True
Does 99 divide 1188?
True
Is 1202 a multiple of 21?
False
Does 7 divide 6515?
False
Is 14 a factor of 8543?
False
Is 51 a factor of 1173?
True
Is 2750 a multiple of 22?
True
Is 13 a factor of 18564?
True
Does 10 divide 31448?
False
Is 10 a factor of 4608?
False
Is 75 a factor of 2400?
True
Does 3 divide 30231?
True
Is 12 a factor of 7899?
False
Is 9 a factor of 7290?
True
Does 15 divide 390?
True
Does 79 divide 17617?
True
Is 6375 a multiple of 25?
True
Does 13 divide 58253?
True
Does 40 divide 1363?
False
Does 37 divide 2829?
False
Is 4967 a multiple of 63?
False
Is 863 a multiple of 36?
False
Does 17 divide 14414?
False
Is 67 a factor of 804?
True
Does 5 divide 5?
True
Is 23364 a multiple of 236?
True
Does 42 divide 23314?
False
Is 49 a multiple of 3?
False
Is 87210 a multiple of 153?
True
Does 7 divide 313?
False
Is 14872 a multiple of 104?
True
Does 13 divide 1339?
True
Is 642 a multiple of 105?
False
Is 2128 a multiple of 8?
True
Is 127 a factor of 5080?
True
Is 47 a factor of 456?
False
Is 22382 a multiple of 19?
True
Does 30 divide 34263?
False
Does 6 divide 1824?
True
Does 80 divide 1840?
True
Is 466 a multiple of 2?
True
Does 16 divide 38848?
True
Does 24 divide 145176?
True
Is 419 a factor of 100560?
True
Is 6 a factor of 940?
False
Is 25 a factor of 124?
False
Does 9 divide 82080?
True
Does 7 divide 169?
False
Is 26708 a multiple of 11?
True
Is 240 a multiple of 54?
False
Is 59 a factor of 4720?
True
Does 4 divide 136?
True
Is 12 a factor of 20640?
True
Is 181 a factor of 6697?
True
Is 653 a multiple of 24?
False
Is 78 a factor of 78?
True
Is 10 a factor of 4959?
False
Is 65 a factor of 1695?
False
Is 74 a factor of 31853?
False
Does 37 divide 2443?
False
Is 2009 a multiple of 49?
True
Is 9 a factor of 11106?
True
Is 3902 a multiple of 36?
False
Is 50 a factor of 830?
False
Is 16 a factor of 9666?
False
Does 24 divide 208?
False
Is 411 a multiple of 11?
False
Is 251 a multiple of 2?
False
Does 7 divide 2996?
True
Is 25 a factor of 4250?
True
Is 2 a factor of 2062?
True
Is 21 a factor of 1680?
True
Does 16 divide 768?
True
Is 14 a factor of 434?
True
Is 3812 a multiple of 32?
False
Is 250 a multiple of 5?
True
Is 3764 a multiple of 4?
True
Is 17 a factor of 7174?
True
Is 9 a factor of 21102?
False
Is 45 a factor of 12434?
False
Is 4 a factor of 544?
True
Is 10 a factor of 129?
False
Does 26 divide 995?
False
Is 1788 a multiple of 29?
False
Does 346 divide 97053?
False
Is 5750 a multiple of 13?
False
Is 598 a multiple of 28?
False
Is 70 a factor of 31990?
True
Is 16855 a multiple of 9?
False
Is 8 a factor of 17488?
True
Does 4 divide 14408?
True
Does 4 divide 10932?
True
Does 91 divide 52305?
False
Is 2320 a multiple of 40?
True
Is 4275 a multiple of 57?
True
Is 11 a factor of 17744?
False
Does 36 divide 7056